{"id":179,"date":"2020-04-09T15:08:40","date_gmt":"2020-04-09T13:08:40","guid":{"rendered":"http:\/\/ehpad-rochefort-en-terre.com\/?page_id=179"},"modified":"2020-04-14T10:40:31","modified_gmt":"2020-04-14T08:40:31","slug":"accueil-de-jour","status":"publish","type":"page","link":"https:\/\/ehpad-rochefort-en-terre.com\/index.php\/accueil-de-jour\/","title":{"rendered":"Accueil de jour"},"content":{"rendered":"\n<p>Le service Accueil de Jour est ouvert depuis janvier 2004.<\/p>\n\n\n\n<p>Il peut accueillir 6 personnes chaque jour du lundi au vendredi et de 9h30 \u00e0 17h00. Chaque personne peut b\u00e9n\u00e9ficier de un \u00e0 deux jours de pr\u00e9sence par semaine.<\/p>\n\n\n\n<p>Les personnes accueillies \u00e0 la journ\u00e9e viennent du domicile.<\/p>\n\n\n\n<p>L\u2019accueil de jour de Rochefort-en-Terre est le seul sur la communaut\u00e9 de communes de Questembert.<\/p>\n\n\n\n<p>L\u2019accueil de jour est un lieu de vie offrant aux personnes \u00e2g\u00e9es de +60 ans atteintes de la maladie d\u2019Alzheimer&nbsp; ou maladies apparent\u00e9es, un environnement adapt\u00e9 \u00e0 leurs difficult\u00e9s, les aidant \u00e0 maintenir leur autonomie. Cette formule permet \u00e9galement de soulager le conjoint ou la famille.<\/p>\n\n\n\n<p>L\u2019accueil de jour se situe sur le site de \u00ab&nbsp;La Mare&nbsp;\u00bb \u00e0 Rochefort-en-Terre, en rez-de-chauss\u00e9e. Une grande pi\u00e8ce d&rsquo;environ 60 m2 environ offre un cadre identique \u00e0 ce que l\u2019on peut avoir chez soi&nbsp;: salle \u00e0 manger, salon, espace cuisine, dans une ambiance fleurie.<\/p>\n\n\n\n<p>Cet espace est \u00e9galement utilis\u00e9 pour les activit\u00e9s dans la journ\u00e9e.<\/p>\n\n\n\n<p>Un espace repos ou bien-\u00eatre se situe dans une salle contigu\u00eb. Un espace toilette avec douche, WC, compl\u00e8te l\u2019\u00e9quipement de ce lieu d\u2019accueil<\/p>\n\n\n\n<p>Un jardin clos avec terrasse et petit potager accessibles sont propices \u00e0 une d\u00e9tente \u00e0 l\u2019ext\u00e9rieur.<\/p>\n\n\n\n<figure class=\"wp-block-image size-large is-resized\"><img loading=\"lazy\" decoding=\"async\" src=\"https:\/\/ehpad-rochefort-en-terre.com\/wp-content\/uploads\/2020\/04\/Ext\u00e9rieur_accueil-de-jour.jpg\" alt=\"\" class=\"wp-image-215\" width=\"240\" height=\"161\" srcset=\"https:\/\/ehpad-rochefort-en-terre.com\/wp-content\/uploads\/2020\/04\/Ext\u00e9rieur_accueil-de-jour.jpg 480w, https:\/\/ehpad-rochefort-en-terre.com\/wp-content\/uploads\/2020\/04\/Ext\u00e9rieur_accueil-de-jour-300x201.jpg 300w\" sizes=\"auto, (max-width: 240px) 100vw, 240px\" \/><\/figure>\n\n\n\n<p>Selon les conditions climatiques, repas et\/ou collation, peuvent y \u00eatre pris.<\/p>\n\n\n\n<p>Les missions de l&rsquo;Accueil de Jour :<\/p>\n\n\n\n<ul class=\"wp-block-list\"><li>Pr\u00e9server l\u2019autonomie des personnes accueillies par un projet individuel d\u2019aides et d\u2019accompagnement<\/li><li>Maintenir, voire restaurer, au travers de diverses activit\u00e9s, les capacit\u00e9s de la personne<\/li><li>Pr\u00e9server ou r\u00e9tablir les liens sociaux et familiaux de la personne<\/li><li>Permettre \u00e0 l\u2019aidant principal d\u2019avoir du temps<\/li><li>pour lui pendant cet accueil<\/li><li>Soutenir les familles<\/li><\/ul>\n\n\n\n<figure class=\"wp-block-gallery columns-3 is-cropped wp-block-gallery-1 is-layout-flex wp-block-gallery-is-layout-flex\"><ul class=\"blocks-gallery-grid\"><li class=\"blocks-gallery-item\"><figure><img loading=\"lazy\" decoding=\"async\" width=\"385\" height=\"296\" src=\"https:\/\/ehpad-rochefort-en-terre.com\/wp-content\/uploads\/2020\/04\/Activit\u00e9_accueil-de-jour.jpg\" alt=\"\" data-id=\"218\" data-full-url=\"https:\/\/ehpad-rochefort-en-terre.com\/wp-content\/uploads\/2020\/04\/Activit\u00e9_accueil-de-jour.jpg\" data-link=\"https:\/\/ehpad-rochefort-en-terre.com\/index.php\/accueil-de-jour\/activite_accueil-de-jour\/\" class=\"wp-image-218\" srcset=\"https:\/\/ehpad-rochefort-en-terre.com\/wp-content\/uploads\/2020\/04\/Activit\u00e9_accueil-de-jour.jpg 385w, https:\/\/ehpad-rochefort-en-terre.com\/wp-content\/uploads\/2020\/04\/Activit\u00e9_accueil-de-jour-300x231.jpg 300w\" sizes=\"auto, (max-width: 385px) 100vw, 385px\" \/><\/figure><\/li><li class=\"blocks-gallery-item\"><figure><img loading=\"lazy\" decoding=\"async\" width=\"480\" height=\"360\" src=\"https:\/\/ehpad-rochefort-en-terre.com\/wp-content\/uploads\/2020\/04\/Activit\u00e91_accueil-de-jour.jpg\" alt=\"\" data-id=\"219\" data-full-url=\"https:\/\/ehpad-rochefort-en-terre.com\/wp-content\/uploads\/2020\/04\/Activit\u00e91_accueil-de-jour.jpg\" data-link=\"https:\/\/ehpad-rochefort-en-terre.com\/index.php\/accueil-de-jour\/activite1_accueil-de-jour\/\" class=\"wp-image-219\" srcset=\"https:\/\/ehpad-rochefort-en-terre.com\/wp-content\/uploads\/2020\/04\/Activit\u00e91_accueil-de-jour.jpg 480w, https:\/\/ehpad-rochefort-en-terre.com\/wp-content\/uploads\/2020\/04\/Activit\u00e91_accueil-de-jour-300x225.jpg 300w\" sizes=\"auto, (max-width: 480px) 100vw, 480px\" \/><\/figure><\/li><li class=\"blocks-gallery-item\"><figure><img loading=\"lazy\" decoding=\"async\" width=\"1024\" height=\"685\" src=\"https:\/\/ehpad-rochefort-en-terre.com\/wp-content\/uploads\/2020\/04\/Loto-1024x685.jpg\" alt=\"\" data-id=\"324\" data-full-url=\"https:\/\/ehpad-rochefort-en-terre.com\/wp-content\/uploads\/2020\/04\/Loto-scaled.jpg\" data-link=\"https:\/\/ehpad-rochefort-en-terre.com\/index.php\/accueil-de-jour\/loto\/\" class=\"wp-image-324\" srcset=\"https:\/\/ehpad-rochefort-en-terre.com\/wp-content\/uploads\/2020\/04\/Loto-1024x685.jpg 1024w, https:\/\/ehpad-rochefort-en-terre.com\/wp-content\/uploads\/2020\/04\/Loto-300x201.jpg 300w, https:\/\/ehpad-rochefort-en-terre.com\/wp-content\/uploads\/2020\/04\/Loto-768x514.jpg 768w, https:\/\/ehpad-rochefort-en-terre.com\/wp-content\/uploads\/2020\/04\/Loto-1536x1028.jpg 1536w, https:\/\/ehpad-rochefort-en-terre.com\/wp-content\/uploads\/2020\/04\/Loto-2048x1371.jpg 2048w\" sizes=\"auto, (max-width: 1024px) 100vw, 1024px\" \/><\/figure><\/li><\/ul><\/figure>\n","protected":false},"excerpt":{"rendered":"<p>Le service Accueil de Jour est ouvert depuis janvier 2004. Il peut accueillir 6 personnes chaque jour du lundi au vendredi et de 9h30 \u00e0 17h00. Chaque personne peut b\u00e9n\u00e9ficier de un \u00e0 deux jours de pr\u00e9sence par semaine. Les personnes accueillies \u00e0 la journ\u00e9e viennent du domicile. L\u2019accueil de jour de Rochefort-en-Terre est le [&hellip;]<\/p>\n","protected":false},"author":1,"featured_media":0,"parent":0,"menu_order":0,"comment_status":"closed","ping_status":"closed","template":"","meta":{"footnotes":""},"class_list":["post-179","page","type-page","status-publish","hentry"],"_links":{"self":[{"href":"https:\/\/ehpad-rochefort-en-terre.com\/index.php\/wp-json\/wp\/v2\/pages\/179","targetHints":{"allow":["GET"]}}],"collection":[{"href":"https:\/\/ehpad-rochefort-en-terre.com\/index.php\/wp-json\/wp\/v2\/pages"}],"about":[{"href":"https:\/\/ehpad-rochefort-en-terre.com\/index.php\/wp-json\/wp\/v2\/types\/page"}],"author":[{"embeddable":true,"href":"https:\/\/ehpad-rochefort-en-terre.com\/index.php\/wp-json\/wp\/v2\/users\/1"}],"replies":[{"embeddable":true,"href":"https:\/\/ehpad-rochefort-en-terre.com\/index.php\/wp-json\/wp\/v2\/comments?post=179"}],"version-history":[{"count":13,"href":"https:\/\/ehpad-rochefort-en-terre.com\/index.php\/wp-json\/wp\/v2\/pages\/179\/revisions"}],"predecessor-version":[{"id":347,"href":"https:\/\/ehpad-rochefort-en-terre.com\/index.php\/wp-json\/wp\/v2\/pages\/179\/revisions\/347"}],"wp:attachment":[{"href":"https:\/\/ehpad-rochefort-en-terre.com\/index.php\/wp-json\/wp\/v2\/media?parent=179"}],"curies":[{"name":"wp","href":"https:\/\/api.w.org\/{rel}","templated":true}]}}