{"id":184,"date":"2020-04-09T15:08:40","date_gmt":"2020-04-09T13:08:40","guid":{"rendered":"http:\/\/ehpad-rochefort-en-terre.com\/?page_id=184"},"modified":"2025-05-07T09:02:51","modified_gmt":"2025-05-07T07:02:51","slug":"la-demande-dadmission","status":"publish","type":"page","link":"https:\/\/ehpad-rochefort-en-terre.com\/index.php\/la-demande-dadmission\/","title":{"rendered":"La demande d&rsquo;admission"},"content":{"rendered":"\n<p class=\"has-black-color has-text-color has-link-color wp-elements-1307241322ccac2009598fe5fe5594e9\">Pour faciliter vos recherches et d\u00e9marches d&rsquo;inscription en \u00e9tablissement pour personnes \u00e2g\u00e9es, la plate-forme <strong>ViaTrajectoire Grand \u00c2ge<\/strong> a \u00e9t\u00e9 d\u00e9ploy\u00e9e par l&rsquo;Agence R\u00e9gionale de Sant\u00e9 Bretagne et le D\u00e9partement du Morbihan.<\/p>\n\n\n\n<p><strong>ViaTrajectoire<\/strong> est un service public national, gratuit, confidentiel et s\u00e9curis\u00e9.<\/p>\n\n\n\n<p>Cr\u00e9er en ligne votre dossier de demande d&rsquo;admission : <a href=\"https:\/\/trajectoire.sante-ra.fr\/Trajectoire\/\">https:\/\/trajectoire.sante-ra.fr\/Trajectoire\/ <\/a><\/p>\n\n\n\n<div class=\"wp-block-file\"><a id=\"wp-block-file--media-80ccbf44-1549-46af-99ec-4d9818669651\" href=\"https:\/\/ehpad-rochefort-en-terre.com\/wp-content\/uploads\/2025\/05\/Procedure-ViaTrajectoire.pdf\">Proc\u00e9dure ViaTrajectoire<\/a><a href=\"https:\/\/ehpad-rochefort-en-terre.com\/wp-content\/uploads\/2025\/05\/Procedure-ViaTrajectoire.pdf\" class=\"wp-block-file__button wp-element-button\" download aria-describedby=\"wp-block-file--media-80ccbf44-1549-46af-99ec-4d9818669651\">T\u00e9l\u00e9charger<\/a><\/div>\n\n\n\n<p>Ce dossier vous permet de demander votre entr\u00e9e dans un \u00e9tablissement d\u2019h\u00e9bergement pour personnes \u00e2g\u00e9es situ\u00e9 en Morbihan, pour un h\u00e9bergement temporaire ou un h\u00e9bergement permanent.<\/p>\n\n\n\n<p><strong>Attention : en aucun cas ce dossier ne permet une entr\u00e9e imm\u00e9diate. Il s\u2019agit d\u2019une demande d\u2019inscription sur la liste d\u2019attente de l&rsquo;\u00e9tablissement.<\/strong><\/p>\n\n\n\n<p><\/p>\n\n\n\n<p>Lorsque l\u2019entr\u00e9e d\u2019un nouveau r\u00e9sident est programm\u00e9e, le dossier administratif est constitu\u00e9.<\/p>\n\n\n\n<p>Ce dossier comprend&nbsp;:<\/p>\n\n\n\n<ul class=\"wp-block-list\">\n<li>Un contrat de s\u00e9jour<\/li>\n\n\n\n<li>Un r\u00e8glement de fonctionnement<\/li>\n\n\n\n<li>Pi\u00e8ces compl\u00e9mentaires\u00a0: pi\u00e8ce d\u2019identit\u00e9 (livret de famille, carte d\u2019identit\u00e9), carte vitale, attestation de s\u00e9curit\u00e9 sociale, carte de mutuelle, attestation d\u2019assurance responsabilit\u00e9 civile, ch\u00e8que de d\u00e9p\u00f4t de garantie, RIB si pr\u00e9l\u00e8vement automatique<\/li>\n<\/ul>\n","protected":false},"excerpt":{"rendered":"<p>Pour faciliter vos recherches et d\u00e9marches d&rsquo;inscription en \u00e9tablissement pour personnes \u00e2g\u00e9es, la plate-forme ViaTrajectoire Grand \u00c2ge a \u00e9t\u00e9 d\u00e9ploy\u00e9e par l&rsquo;Agence R\u00e9gionale de Sant\u00e9 Bretagne et le D\u00e9partement du Morbihan. ViaTrajectoire est un service public national, gratuit, confidentiel et s\u00e9curis\u00e9. Cr\u00e9er en ligne votre dossier de demande d&rsquo;admission : https:\/\/trajectoire.sante-ra.fr\/Trajectoire\/ Ce dossier vous permet [&hellip;]<\/p>\n","protected":false},"author":1,"featured_media":0,"parent":0,"menu_order":0,"comment_status":"closed","ping_status":"closed","template":"","meta":{"footnotes":""},"class_list":["post-184","page","type-page","status-publish","hentry"],"_links":{"self":[{"href":"https:\/\/ehpad-rochefort-en-terre.com\/index.php\/wp-json\/wp\/v2\/pages\/184","targetHints":{"allow":["GET"]}}],"collection":[{"href":"https:\/\/ehpad-rochefort-en-terre.com\/index.php\/wp-json\/wp\/v2\/pages"}],"about":[{"href":"https:\/\/ehpad-rochefort-en-terre.com\/index.php\/wp-json\/wp\/v2\/types\/page"}],"author":[{"embeddable":true,"href":"https:\/\/ehpad-rochefort-en-terre.com\/index.php\/wp-json\/wp\/v2\/users\/1"}],"replies":[{"embeddable":true,"href":"https:\/\/ehpad-rochefort-en-terre.com\/index.php\/wp-json\/wp\/v2\/comments?post=184"}],"version-history":[{"count":5,"href":"https:\/\/ehpad-rochefort-en-terre.com\/index.php\/wp-json\/wp\/v2\/pages\/184\/revisions"}],"predecessor-version":[{"id":1551,"href":"https:\/\/ehpad-rochefort-en-terre.com\/index.php\/wp-json\/wp\/v2\/pages\/184\/revisions\/1551"}],"wp:attachment":[{"href":"https:\/\/ehpad-rochefort-en-terre.com\/index.php\/wp-json\/wp\/v2\/media?parent=184"}],"curies":[{"name":"wp","href":"https:\/\/api.w.org\/{rel}","templated":true}]}}