{"id":186,"date":"2020-04-09T15:08:40","date_gmt":"2020-04-09T13:08:40","guid":{"rendered":"http:\/\/ehpad-rochefort-en-terre.com\/?page_id=186"},"modified":"2020-04-17T12:05:22","modified_gmt":"2020-04-17T10:05:22","slug":"contact","status":"publish","type":"page","link":"https:\/\/ehpad-rochefort-en-terre.com\/index.php\/contact\/","title":{"rendered":"Contact"},"content":{"rendered":"\n<p><strong><span class=\"has-inline-color has-vivid-cyan-blue-color\">Par t\u00e9l\u00e9phone<\/span><\/strong> : 02.97.43.40.70<\/p>\n\n\n\n<p>L&rsquo;administration est ouverte de  9h00 \u00e0 12h30 et de 14h \u00e0 17h, du lundi au vendredi<\/p>\n\n\n\n<div style=\"height:20px\" aria-hidden=\"true\" class=\"wp-block-spacer\"><\/div>\n\n\n\n<p><strong><span class=\"has-inline-color has-vivid-cyan-blue-color\">Par mail<\/span> <\/strong>: ehpad.grandjardin@ehpad-rochefort-en-terre.fr<\/p>\n\n\n\n<div style=\"height:20px\" aria-hidden=\"true\" class=\"wp-block-spacer\"><\/div>\n\n\n\n<p><strong><span class=\"has-inline-color has-vivid-cyan-blue-color\">Par courrier : <\/span><\/strong><\/p>\n\n\n\n<p>EHPAD de Rochefort-en-Terre <\/p>\n\n\n\n<p>9 rue porte cadre<\/p>\n\n\n\n<p>56220 ROCHEFORT-EN-TERRE<\/p>\n","protected":false},"excerpt":{"rendered":"<p>Par t\u00e9l\u00e9phone : 02.97.43.40.70 L&rsquo;administration est ouverte de 9h00 \u00e0 12h30 et de 14h \u00e0 17h, du lundi au vendredi Par mail : ehpad.grandjardin@ehpad-rochefort-en-terre.fr Par courrier : EHPAD de Rochefort-en-Terre 9 rue porte cadre 56220 ROCHEFORT-EN-TERRE<\/p>\n","protected":false},"author":1,"featured_media":0,"parent":0,"menu_order":0,"comment_status":"closed","ping_status":"closed","template":"","meta":{"footnotes":""},"class_list":["post-186","page","type-page","status-publish","hentry"],"_links":{"self":[{"href":"https:\/\/ehpad-rochefort-en-terre.com\/index.php\/wp-json\/wp\/v2\/pages\/186","targetHints":{"allow":["GET"]}}],"collection":[{"href":"https:\/\/ehpad-rochefort-en-terre.com\/index.php\/wp-json\/wp\/v2\/pages"}],"about":[{"href":"https:\/\/ehpad-rochefort-en-terre.com\/index.php\/wp-json\/wp\/v2\/types\/page"}],"author":[{"embeddable":true,"href":"https:\/\/ehpad-rochefort-en-terre.com\/index.php\/wp-json\/wp\/v2\/users\/1"}],"replies":[{"embeddable":true,"href":"https:\/\/ehpad-rochefort-en-terre.com\/index.php\/wp-json\/wp\/v2\/comments?post=186"}],"version-history":[{"count":7,"href":"https:\/\/ehpad-rochefort-en-terre.com\/index.php\/wp-json\/wp\/v2\/pages\/186\/revisions"}],"predecessor-version":[{"id":675,"href":"https:\/\/ehpad-rochefort-en-terre.com\/index.php\/wp-json\/wp\/v2\/pages\/186\/revisions\/675"}],"wp:attachment":[{"href":"https:\/\/ehpad-rochefort-en-terre.com\/index.php\/wp-json\/wp\/v2\/media?parent=186"}],"curies":[{"name":"wp","href":"https:\/\/api.w.org\/{rel}","templated":true}]}}